{"id":15,"date":"2021-06-03T17:35:03","date_gmt":"2021-06-03T15:35:03","guid":{"rendered":"http:\/\/bara.abson.cz\/?page_id=15"},"modified":"2023-09-05T13:44:48","modified_gmt":"2023-09-05T11:44:48","slug":"o-hotelu","status":"publish","type":"page","link":"https:\/\/hotelbarabenecko.cz\/en\/o-hotelu\/","title":{"rendered":"O HOTELU"},"content":{"rendered":"\n<p>Hotel s&nbsp;p\u0159ekr\u00e1sn\u00fdm v\u00fdhledem na Jizersk\u00e9 hory a podh\u016f\u0159\u00ed Krkono\u0161. 26 pokoj\u016f na t\u0159ech patrech nab\u00edz\u00ed komfortn\u00ed ubytov\u00e1n\u00ed rodin\u00e1m, p\u00e1r\u016fm, skupin\u00e1m i jednotlivc\u016fm. V\u0161echny pokoje maj\u00ed vlastn\u00ed koupelnu se sprchov\u00fdm koutem a toaletou, televizi a wi-fi zdarma.<\/p>\n\n\n\n<p>Hotel je zasazen do malebn\u00e9 krkono\u0161sk\u00e9 krajiny, ale s\u00a0v\u00fdbornou dostupnost\u00ed ke v\u0161em atraktivn\u00edm slu\u017eb\u00e1m, kter\u00e9 Benecko nab\u00edz\u00ed. (\u00a0<a href=\"http:\/\/www.benecko.info\/\">www.benecko.info<\/a>). K\u00a0hotelu pat\u0159\u00ed d\u011btsk\u00e9 h\u0159i\u0161t\u011b s\u00a0men\u0161\u00edm venkovn\u00edm baz\u00e9nem, ohni\u0161t\u011bm a rusk\u00fdmi ku\u017eelkami. Tak\u00e9 men\u0161\u00ed sjezdovka pro ly\u017ea\u0159e za\u010d\u00e1te\u010dn\u00edky je v bl\u00edzkosti  a b\u011b\u017eeck\u00e1 stopa hned u hotelu. Tepl\u00e9 j\u00eddlo po cel\u00fd den nab\u00edz\u00edme v\u00a0hotelov\u00e9 restauraci, kde d\u011bti mohou vyu\u017e\u00edt d\u011btsk\u00e9ho koutku. Koutek je vybaven mikrovlnou troubou k\u00a0oh\u0159evu d\u011btsk\u00e9 stravy pro nejmen\u0161\u00ed nedo\u010dkavce. Po celodenn\u00edch v\u00fd\u0161lapech nebo sn\u011bhov\u00fdch radov\u00e1nk\u00e1ch m\u016f\u017eete vyu\u017e\u00edt hotelovou saunu s p\u00e1rou a finskou saunou. Hotel spolupracuje s extern\u00edm mas\u00e9rem a v dostate\u010dn\u00e9m p\u0159edstihu zajist\u00edme i p\u0159\u00edjemnou mas\u00e1\u017e.<\/p>\n\n\n\n<p>Dom\u00e1c\u00ed mazl\u00ed\u010dci jsou u n\u00e1s v\u00edt\u00e1ni, ale budeme r\u00e1di, kdy\u017e n\u00e1s budete informovat p\u0159i rezervaci pokoje.<\/p>\n\n\n\n<p>Check in: od 14:00<\/p>\n\n\n\n<p>Check out: do 10:00<\/p>\n\n\n\n<div style=\"height:30px\" aria-hidden=\"true\" class=\"wp-block-spacer\"><\/div>\n\n\n<style>.wp-block-kadence-advancedgallery .kb-gallery-type-grid.kb-gallery-id-_909e69-12{margin:-5px;}.kb-gallery-type-grid.kb-gallery-id-_909e69-12 .kadence-blocks-gallery-item{padding:5px;}.kb-gallery-id-_909e69-12 .kadence-blocks-gallery-item .kb-gal-image-radius, .kb-gallery-id-_909e69-12 .kb-slide-item .kb-gal-image-radius img{border-radius:0px 0px 0px 0px;;}<\/style>\n<div class=\"wp-block-kadence-advancedgallery kb-gallery-wrap-id-_909e69-12\"><ul class=\"kb-gallery-ul kb-gallery-type-grid kb-gallery-id-_909e69-12 kb-gallery-caption-style-bottom-hover kb-gallery-filter-none kb-gallery-magnific-init\" data-item-selector=\".kadence-blocks-gallery-item\" data-image-filter=\"none\" data-lightbox-caption=\"true\" data-columns-xxl=\"3\" data-columns-xl=\"3\" data-columns-lg=\"3\" data-columns-md=\"2\" data-columns-sm=\"1\" data-columns-xs=\"1\" data-columns-ss=\"1\"><li class=\"kadence-blocks-gallery-item\"><div class=\"kadence-blocks-gallery-item-inner\"><figure class=\"kb-gallery-figure kb-gallery-item-has-link kadence-blocks-gallery-item-hide-caption kb-has-image-ratio-land32\"><a href=\"http:\/\/hotelbarabenecko.cz\/wp-content\/uploads\/2021\/06\/MG_8445-kopie-2.jpg\" class=\"kb-gallery-item-link\"><div class=\"kb-gal-image-radius\"><div class=\"kb-gallery-image-contain kadence-blocks-gallery-intrinsic kb-gallery-image-ratio-land32\"><img loading=\"lazy\" decoding=\"async\" src=\"http:\/\/hotelbarabenecko.cz\/wp-content\/uploads\/2021\/06\/MG_8445-kopie-2-1024x653.jpg\" width=\"1024\" height=\"653\" alt=\"\" data-full-image=\"http:\/\/hotelbarabenecko.cz\/wp-content\/uploads\/2021\/06\/MG_8445-kopie-2.jpg\" data-light-image=\"http:\/\/hotelbarabenecko.cz\/wp-content\/uploads\/2021\/06\/MG_8445-kopie-2.jpg\" data-id=\"232\" data-link=\"http:\/\/hotelbarabenecko.cz\/_mg_8445-kopie-2\/\" class=\"wp-image-232\" srcset=\"https:\/\/hotelbarabenecko.cz\/wp-content\/uploads\/2021\/06\/MG_8445-kopie-2-1024x653.jpg 1024w, https:\/\/hotelbarabenecko.cz\/wp-content\/uploads\/2021\/06\/MG_8445-kopie-2-300x191.jpg 300w, https:\/\/hotelbarabenecko.cz\/wp-content\/uploads\/2021\/06\/MG_8445-kopie-2-768x490.jpg 768w, https:\/\/hotelbarabenecko.cz\/wp-content\/uploads\/2021\/06\/MG_8445-kopie-2.jpg 1200w\" sizes=\"auto, (max-width: 1024px) 100vw, 1024px\" \/><\/div><\/div><\/a><\/figure><\/div><\/li><li class=\"kadence-blocks-gallery-item\"><div class=\"kadence-blocks-gallery-item-inner\"><figure class=\"kb-gallery-figure kb-gallery-item-has-link kadence-blocks-gallery-item-hide-caption kb-has-image-ratio-land32\"><a href=\"http:\/\/hotelbarabenecko.cz\/wp-content\/uploads\/2021\/06\/F078DBCF-6569-42C3-AD39-F522FE8609E9-scaled.jpeg\" class=\"kb-gallery-item-link\"><div class=\"kb-gal-image-radius\"><div class=\"kb-gallery-image-contain kadence-blocks-gallery-intrinsic kb-gallery-image-ratio-land32\"><img loading=\"lazy\" decoding=\"async\" src=\"http:\/\/hotelbarabenecko.cz\/wp-content\/uploads\/2021\/06\/F078DBCF-6569-42C3-AD39-F522FE8609E9-768x1024.jpeg\" width=\"768\" height=\"1024\" alt=\"\" data-full-image=\"http:\/\/hotelbarabenecko.cz\/wp-content\/uploads\/2021\/06\/F078DBCF-6569-42C3-AD39-F522FE8609E9-scaled.jpeg\" data-light-image=\"http:\/\/hotelbarabenecko.cz\/wp-content\/uploads\/2021\/06\/F078DBCF-6569-42C3-AD39-F522FE8609E9-scaled.jpeg\" data-id=\"116\" data-link=\"http:\/\/hotelbarabenecko.cz\/f078dbcf-6569-42c3-ad39-f522fe8609e9\/\" class=\"wp-image-116\" srcset=\"https:\/\/hotelbarabenecko.cz\/wp-content\/uploads\/2021\/06\/F078DBCF-6569-42C3-AD39-F522FE8609E9-768x1024.jpeg 768w, https:\/\/hotelbarabenecko.cz\/wp-content\/uploads\/2021\/06\/F078DBCF-6569-42C3-AD39-F522FE8609E9-225x300.jpeg 225w, https:\/\/hotelbarabenecko.cz\/wp-content\/uploads\/2021\/06\/F078DBCF-6569-42C3-AD39-F522FE8609E9-1152x1536.jpeg 1152w, https:\/\/hotelbarabenecko.cz\/wp-content\/uploads\/2021\/06\/F078DBCF-6569-42C3-AD39-F522FE8609E9-1536x2048.jpeg 1536w, https:\/\/hotelbarabenecko.cz\/wp-content\/uploads\/2021\/06\/F078DBCF-6569-42C3-AD39-F522FE8609E9-1568x2091.jpeg 1568w, https:\/\/hotelbarabenecko.cz\/wp-content\/uploads\/2021\/06\/F078DBCF-6569-42C3-AD39-F522FE8609E9-scaled.jpeg 1920w\" sizes=\"auto, (max-width: 768px) 100vw, 768px\" \/><\/div><\/div><\/a><\/figure><\/div><\/li><li class=\"kadence-blocks-gallery-item\"><div class=\"kadence-blocks-gallery-item-inner\"><figure class=\"kb-gallery-figure kb-gallery-item-has-link kadence-blocks-gallery-item-hide-caption kb-has-image-ratio-land32\"><a href=\"http:\/\/hotelbarabenecko.cz\/wp-content\/uploads\/2021\/06\/36985413.jpg\" class=\"kb-gallery-item-link\"><div class=\"kb-gal-image-radius\"><div class=\"kb-gallery-image-contain kadence-blocks-gallery-intrinsic kb-gallery-image-ratio-land32\"><img loading=\"lazy\" decoding=\"async\" src=\"http:\/\/hotelbarabenecko.cz\/wp-content\/uploads\/2021\/06\/36985413-1024x686.jpg\" width=\"1024\" height=\"686\" alt=\"\" data-full-image=\"http:\/\/hotelbarabenecko.cz\/wp-content\/uploads\/2021\/06\/36985413.jpg\" data-light-image=\"http:\/\/hotelbarabenecko.cz\/wp-content\/uploads\/2021\/06\/36985413.jpg\" data-id=\"50\" data-link=\"http:\/\/hotelbarabenecko.cz\/bannery\/pokusny-banner-hotel-bara\/attachment\/36985413\/\" class=\"wp-image-50\" srcset=\"https:\/\/hotelbarabenecko.cz\/wp-content\/uploads\/2021\/06\/36985413-1024x686.jpg 1024w, https:\/\/hotelbarabenecko.cz\/wp-content\/uploads\/2021\/06\/36985413-300x201.jpg 300w, https:\/\/hotelbarabenecko.cz\/wp-content\/uploads\/2021\/06\/36985413-768x514.jpg 768w, https:\/\/hotelbarabenecko.cz\/wp-content\/uploads\/2021\/06\/36985413.jpg 1280w\" sizes=\"auto, (max-width: 1024px) 100vw, 1024px\" \/><\/div><\/div><\/a><\/figure><\/div><\/li><\/ul><\/div>\n\n\n\n<div style=\"height:60px\" aria-hidden=\"true\" class=\"wp-block-spacer\"><\/div>\n\n\n\n<p><\/p>\n","protected":false},"excerpt":{"rendered":"<p>Hotel s&nbsp;p\u0159ekr\u00e1sn\u00fdm v\u00fdhledem na Jizersk\u00e9 hory a podh\u016f\u0159\u00ed Krkono\u0161. 26 pokoj\u016f na t\u0159ech patrech nab\u00edz\u00ed komfortn\u00ed ubytov\u00e1n\u00ed rodin\u00e1m, p\u00e1r\u016fm, skupin\u00e1m i jednotlivc\u016fm. V\u0161echny pokoje maj\u00ed vlastn\u00ed koupelnu se sprchov\u00fdm koutem a toaletou, televizi a wi-fi zdarma. Hotel je zasazen do malebn\u00e9 krkono\u0161sk\u00e9 krajiny, ale s\u00a0v\u00fdbornou dostupnost\u00ed ke v\u0161em atraktivn\u00edm slu\u017eb\u00e1m, kter\u00e9 Benecko nab\u00edz\u00ed. (\u00a0www.benecko.info). K\u00a0hotelu [&hellip;]<\/p>\n","protected":false},"author":1,"featured_media":0,"parent":0,"menu_order":1,"comment_status":"closed","ping_status":"closed","template":"","meta":{"footnotes":""},"class_list":["post-15","page","type-page","status-publish","hentry"],"_links":{"self":[{"href":"https:\/\/hotelbarabenecko.cz\/en\/wp-json\/wp\/v2\/pages\/15","targetHints":{"allow":["GET"]}}],"collection":[{"href":"https:\/\/hotelbarabenecko.cz\/en\/wp-json\/wp\/v2\/pages"}],"about":[{"href":"https:\/\/hotelbarabenecko.cz\/en\/wp-json\/wp\/v2\/types\/page"}],"author":[{"embeddable":true,"href":"https:\/\/hotelbarabenecko.cz\/en\/wp-json\/wp\/v2\/users\/1"}],"replies":[{"embeddable":true,"href":"https:\/\/hotelbarabenecko.cz\/en\/wp-json\/wp\/v2\/comments?post=15"}],"version-history":[{"count":12,"href":"https:\/\/hotelbarabenecko.cz\/en\/wp-json\/wp\/v2\/pages\/15\/revisions"}],"predecessor-version":[{"id":446,"href":"https:\/\/hotelbarabenecko.cz\/en\/wp-json\/wp\/v2\/pages\/15\/revisions\/446"}],"wp:attachment":[{"href":"https:\/\/hotelbarabenecko.cz\/en\/wp-json\/wp\/v2\/media?parent=15"}],"curies":[{"name":"wp","href":"https:\/\/api.w.org\/{rel}","templated":true}]}}

<p>Hotel s&nbsp;překrásným výhledem na Jizerské hory a podhůří Krkonoš. 26 pokojů na třech patrech nabízí komfortní ubytování rodinám, párům, skupinám i jednotlivcům. Všechny pokoje mají vlastní koupelnu se sprchovým koutem a toaletou, televizi a wi-fi zdarma.</p>



<p>Hotel je zasazen do malebné krkonošské krajiny, ale s výbornou dostupností ke všem atraktivním službám, které Benecko nabízí. ( <a href="http://www.benecko.info/">www.benecko.info</a>). K hotelu patří dětské hřiště s menším venkovním bazénem, ohništěm a ruskými kuželkami. Také menší sjezdovka pro lyžaře začátečníky je v blízkosti  a běžecká stopa hned u hotelu. Teplé jídlo po celý den nabízíme v hotelové restauraci, kde děti mohou využít dětského koutku. Koutek je vybaven mikrovlnou troubou k ohřevu dětské stravy pro nejmenší nedočkavce. Po celodenních výšlapech nebo sněhových radovánkách můžete využít hotelovou saunu s párou a finskou saunou. Hotel spolupracuje s externím masérem a v dostatečném předstihu zajistíme i příjemnou masáž.</p>



<p>Domácí mazlíčci jsou u nás vítáni, ale budeme rádi, když nás budete informovat při rezervaci pokoje.</p>



<p>Check in: od 14:00</p>



<p>Check out: do 10:00</p>



<div style="height:30px" aria-hidden="true" class="wp-block-spacer"></div>


<style>.wp-block-kadence-advancedgallery .kb-gallery-type-grid.kb-gallery-id-_909e69-12{margin:-5px;}.kb-gallery-type-grid.kb-gallery-id-_909e69-12 .kadence-blocks-gallery-item{padding:5px;}.kb-gallery-id-_909e69-12 .kadence-blocks-gallery-item .kb-gal-image-radius, .kb-gallery-id-_909e69-12 .kb-slide-item .kb-gal-image-radius img{border-radius:0px 0px 0px 0px;;}</style>
<div class="wp-block-kadence-advancedgallery kb-gallery-wrap-id-_909e69-12"><ul class="kb-gallery-ul kb-gallery-type-grid kb-gallery-id-_909e69-12 kb-gallery-caption-style-bottom-hover kb-gallery-filter-none kb-gallery-magnific-init" data-item-selector=".kadence-blocks-gallery-item" data-image-filter="none" data-lightbox-caption="true" data-columns-xxl="3" data-columns-xl="3" data-columns-lg="3" data-columns-md="2" data-columns-sm="1" data-columns-xs="1" data-columns-ss="1"><li class="kadence-blocks-gallery-item"><div class="kadence-blocks-gallery-item-inner"><figure class="kb-gallery-figure kb-gallery-item-has-link kadence-blocks-gallery-item-hide-caption kb-has-image-ratio-land32"><a href="http://hotelbarabenecko.cz/wp-content/uploads/2021/06/MG_8445-kopie-2.jpg" class="kb-gallery-item-link"><div class="kb-gal-image-radius"><div class="kb-gallery-image-contain kadence-blocks-gallery-intrinsic kb-gallery-image-ratio-land32"><img loading="lazy" decoding="async" src="http://hotelbarabenecko.cz/wp-content/uploads/2021/06/MG_8445-kopie-2-1024x653.jpg" width="1024" height="653" alt="" data-full-image="http://hotelbarabenecko.cz/wp-content/uploads/2021/06/MG_8445-kopie-2.jpg" data-light-image="http://hotelbarabenecko.cz/wp-content/uploads/2021/06/MG_8445-kopie-2.jpg" data-id="232" data-link="http://hotelbarabenecko.cz/_mg_8445-kopie-2/" class="wp-image-232" srcset="https://hotelbarabenecko.cz/wp-content/uploads/2021/06/MG_8445-kopie-2-1024x653.jpg 1024w, https://hotelbarabenecko.cz/wp-content/uploads/2021/06/MG_8445-kopie-2-300x191.jpg 300w, https://hotelbarabenecko.cz/wp-content/uploads/2021/06/MG_8445-kopie-2-768x490.jpg 768w, https://hotelbarabenecko.cz/wp-content/uploads/2021/06/MG_8445-kopie-2.jpg 1200w" sizes="auto, (max-width: 1024px) 100vw, 1024px" /></div></div></a></figure></div></li><li class="kadence-blocks-gallery-item"><div class="kadence-blocks-gallery-item-inner"><figure class="kb-gallery-figure kb-gallery-item-has-link kadence-blocks-gallery-item-hide-caption kb-has-image-ratio-land32"><a href="http://hotelbarabenecko.cz/wp-content/uploads/2021/06/F078DBCF-6569-42C3-AD39-F522FE8609E9-scaled.jpeg" class="kb-gallery-item-link"><div class="kb-gal-image-radius"><div class="kb-gallery-image-contain kadence-blocks-gallery-intrinsic kb-gallery-image-ratio-land32"><img loading="lazy" decoding="async" src="http://hotelbarabenecko.cz/wp-content/uploads/2021/06/F078DBCF-6569-42C3-AD39-F522FE8609E9-768x1024.jpeg" width="768" height="1024" alt="" data-full-image="http://hotelbarabenecko.cz/wp-content/uploads/2021/06/F078DBCF-6569-42C3-AD39-F522FE8609E9-scaled.jpeg" data-light-image="http://hotelbarabenecko.cz/wp-content/uploads/2021/06/F078DBCF-6569-42C3-AD39-F522FE8609E9-scaled.jpeg" data-id="116" data-link="http://hotelbarabenecko.cz/f078dbcf-6569-42c3-ad39-f522fe8609e9/" class="wp-image-116" srcset="https://hotelbarabenecko.cz/wp-content/uploads/2021/06/F078DBCF-6569-42C3-AD39-F522FE8609E9-768x1024.jpeg 768w, https://hotelbarabenecko.cz/wp-content/uploads/2021/06/F078DBCF-6569-42C3-AD39-F522FE8609E9-225x300.jpeg 225w, https://hotelbarabenecko.cz/wp-content/uploads/2021/06/F078DBCF-6569-42C3-AD39-F522FE8609E9-1152x1536.jpeg 1152w, https://hotelbarabenecko.cz/wp-content/uploads/2021/06/F078DBCF-6569-42C3-AD39-F522FE8609E9-1536x2048.jpeg 1536w, https://hotelbarabenecko.cz/wp-content/uploads/2021/06/F078DBCF-6569-42C3-AD39-F522FE8609E9-1568x2091.jpeg 1568w, https://hotelbarabenecko.cz/wp-content/uploads/2021/06/F078DBCF-6569-42C3-AD39-F522FE8609E9-scaled.jpeg 1920w" sizes="auto, (max-width: 768px) 100vw, 768px" /></div></div></a></figure></div></li><li class="kadence-blocks-gallery-item"><div class="kadence-blocks-gallery-item-inner"><figure class="kb-gallery-figure kb-gallery-item-has-link kadence-blocks-gallery-item-hide-caption kb-has-image-ratio-land32"><a href="http://hotelbarabenecko.cz/wp-content/uploads/2021/06/36985413.jpg" class="kb-gallery-item-link"><div class="kb-gal-image-radius"><div class="kb-gallery-image-contain kadence-blocks-gallery-intrinsic kb-gallery-image-ratio-land32"><img loading="lazy" decoding="async" src="http://hotelbarabenecko.cz/wp-content/uploads/2021/06/36985413-1024x686.jpg" width="1024" height="686" alt="" data-full-image="http://hotelbarabenecko.cz/wp-content/uploads/2021/06/36985413.jpg" data-light-image="http://hotelbarabenecko.cz/wp-content/uploads/2021/06/36985413.jpg" data-id="50" data-link="http://hotelbarabenecko.cz/bannery/pokusny-banner-hotel-bara/attachment/36985413/" class="wp-image-50" srcset="https://hotelbarabenecko.cz/wp-content/uploads/2021/06/36985413-1024x686.jpg 1024w, https://hotelbarabenecko.cz/wp-content/uploads/2021/06/36985413-300x201.jpg 300w, https://hotelbarabenecko.cz/wp-content/uploads/2021/06/36985413-768x514.jpg 768w, https://hotelbarabenecko.cz/wp-content/uploads/2021/06/36985413.jpg 1280w" sizes="auto, (max-width: 1024px) 100vw, 1024px" /></div></div></a></figure></div></li></ul></div>



<div style="height:60px" aria-hidden="true" class="wp-block-spacer"></div>



<p></p>

<p>Hotel s&nbsp;překrásným výhledem na Jizerské hory a podhůří Krkonoš. 26 pokojů na třech patrech nabízí komfortní ubytování rodinám, párům, skupinám i jednotlivcům. Všechny pokoje mají vlastní koupelnu se sprchovým koutem a toaletou, televizi a wi-fi zdarma. Hotel je zasazen do malebné krkonošské krajiny, ale s výbornou dostupností ke všem atraktivním službám, které Benecko nabízí. ( www.benecko.info). K hotelu [&hellip;]</p>
